{"id":18,"date":"2020-07-15T07:12:01","date_gmt":"2020-07-15T07:12:01","guid":{"rendered":"https:\/\/laumontf.com\/?page_id=18"},"modified":"2026-01-07T21:37:12","modified_gmt":"2026-01-07T21:37:12","slug":"home","status":"publish","type":"page","link":"https:\/\/laumontf.com\/","title":{"rendered":"inicio"},"content":{"rendered":"\t\t<div data-elementor-type=\"wp-page\" data-elementor-id=\"18\" class=\"elementor elementor-18\">\n\t\t\t\t\t\t<section class=\"elementor-section elementor-top-section elementor-element elementor-element-e64f130 elementor-section-items-stretch elementor-section-height-min-height elementor-section-content-middle elementor-section-boxed elementor-section-height-default\" data-id=\"e64f130\" data-element_type=\"section\" data-e-type=\"section\" data-settings=\"{&quot;background_background&quot;:&quot;classic&quot;,&quot;background_motion_fx_motion_fx_mouse&quot;:&quot;yes&quot;,&quot;background_motion_fx_mouseTrack_effect&quot;:&quot;yes&quot;,&quot;background_motion_fx_mouseTrack_speed&quot;:{&quot;unit&quot;:&quot;px&quot;,&quot;size&quot;:3.5,&quot;sizes&quot;:[]},&quot;background_motion_fx_mouseTrack_direction&quot;:&quot;negative&quot;}\">\n\t\t\t\t\t\t\t<div class=\"elementor-background-overlay\"><\/div>\n\t\t\t\t\t\t\t<div class=\"elementor-container elementor-column-gap-no\">\n\t\t\t\t\t<header class=\"elementor-column elementor-col-100 elementor-top-column elementor-element elementor-element-e201c07\" data-id=\"e201c07\" data-element_type=\"column\" data-e-type=\"column\">\n\t\t\t<div class=\"elementor-widget-wrap elementor-element-populated\">\n\t\t\t\t\t\t<div class=\"elementor-element elementor-element-02a8c55 elementor-invisible elementor-widget elementor-widget-heading\" data-id=\"02a8c55\" data-element_type=\"widget\" data-e-type=\"widget\" data-settings=\"{&quot;_animation&quot;:&quot;fadeInDown&quot;}\" data-widget_type=\"heading.default\">\n\t\t\t\t<div class=\"elementor-widget-container\">\n\t\t\t\t\t<h5 class=\"elementor-heading-title elementor-size-default\"><font>Hacer las cosas con amor y dedicaci\u00f3n<\/font><font><\/font><\/h5>\t\t\t\t<\/div>\n\t\t\t\t<\/div>\n\t\t\t\t<div class=\"elementor-element elementor-element-887debd elementor-widget-laptop__width-initial elementor-invisible elementor-widget elementor-widget-heading\" data-id=\"887debd\" data-element_type=\"widget\" data-e-type=\"widget\" data-settings=\"{&quot;_animation&quot;:&quot;fadeInDown&quot;}\" data-widget_type=\"heading.default\">\n\t\t\t\t<div class=\"elementor-widget-container\">\n\t\t\t\t\t<h1 class=\"elementor-heading-title elementor-size-default\">PORTAFOLIO<\/h1>\t\t\t\t<\/div>\n\t\t\t\t<\/div>\n\t\t\t\t<div class=\"elementor-element elementor-element-679dd6f elementor-widget__width-initial elementor-widget-laptop__width-initial elementor-widget-tablet__width-inherit elementor-invisible elementor-widget elementor-widget-text-editor\" data-id=\"679dd6f\" data-element_type=\"widget\" data-e-type=\"widget\" data-settings=\"{&quot;_animation&quot;:&quot;fadeInDown&quot;}\" data-widget_type=\"text-editor.default\">\n\t\t\t\t<div class=\"elementor-widget-container\">\n\t\t\t\t\t\t\t\t\t<p>Aqu\u00ed encontrar\u00e1s muchos proyectos desarrollados a lo largo de mi carrera y vida profesional, m\u00e1s dirigidos al enfoque editorial, ilustrativo, promocional y contenido digital.<\/p>\t\t\t\t\t\t\t\t<\/div>\n\t\t\t\t<\/div>\n\t\t\t\t\t<\/div>\n\t\t<\/header>\n\t\t\t\t\t<\/div>\n\t\t<\/section>\n\t\t\t\t<section class=\"elementor-section elementor-top-section elementor-element elementor-element-ec567ff elementor-section-boxed elementor-section-height-default elementor-section-height-default elementor-invisible\" data-id=\"ec567ff\" data-element_type=\"section\" data-e-type=\"section\" data-settings=\"{&quot;background_background&quot;:&quot;classic&quot;,&quot;animation&quot;:&quot;fadeInRight&quot;}\">\n\t\t\t\t\t\t<div class=\"elementor-container elementor-column-gap-default\">\n\t\t\t\t\t<div class=\"elementor-column elementor-col-100 elementor-top-column elementor-element elementor-element-b43dd6c\" data-id=\"b43dd6c\" data-element_type=\"column\" data-e-type=\"column\">\n\t\t\t<div class=\"elementor-widget-wrap elementor-element-populated\">\n\t\t\t\t\t\t<div class=\"elementor-element elementor-element-17b83f1 elementor-widget elementor-widget-spacer\" data-id=\"17b83f1\" data-element_type=\"widget\" data-e-type=\"widget\" data-widget_type=\"spacer.default\">\n\t\t\t\t<div class=\"elementor-widget-container\">\n\t\t\t\t\t\t\t<div class=\"elementor-spacer\">\n\t\t\t<div class=\"elementor-spacer-inner\"><\/div>\n\t\t<\/div>\n\t\t\t\t\t\t<\/div>\n\t\t\t\t<\/div>\n\t\t\t\t\t<\/div>\n\t\t<\/div>\n\t\t\t\t\t<\/div>\n\t\t<\/section>\n\t\t\t\t<section class=\"elementor-section elementor-top-section elementor-element elementor-element-779182f elementor-section-boxed elementor-section-height-default elementor-section-height-default\" data-id=\"779182f\" data-element_type=\"section\" data-e-type=\"section\" data-settings=\"{&quot;background_background&quot;:&quot;classic&quot;}\">\n\t\t\t\t\t\t<div class=\"elementor-container elementor-column-gap-no\">\n\t\t\t\t\t<div class=\"elementor-column elementor-col-50 elementor-top-column elementor-element elementor-element-4c2b9f9\" data-id=\"4c2b9f9\" data-element_type=\"column\" data-e-type=\"column\">\n\t\t\t<div class=\"elementor-widget-wrap elementor-element-populated\">\n\t\t\t\t\t\t<div class=\"elementor-element elementor-element-ccc73f2 elementor-widget-tablet__width-initial elementor-widget__width-initial elementor-widget elementor-widget-heading\" data-id=\"ccc73f2\" data-element_type=\"widget\" data-e-type=\"widget\" data-widget_type=\"heading.default\">\n\t\t\t\t<div class=\"elementor-widget-container\">\n\t\t\t\t\t<h1 class=\"elementor-heading-title elementor-size-default\"><font>Laura <br>Monta\u00f1a<\/font><\/h1>\t\t\t\t<\/div>\n\t\t\t\t<\/div>\n\t\t\t\t<div class=\"elementor-element elementor-element-e7e724c elementor-widget__width-initial elementor-widget-laptop__width-initial elementor-widget-tablet__width-initial elementor-widget elementor-widget-text-editor\" data-id=\"e7e724c\" data-element_type=\"widget\" data-e-type=\"widget\" data-widget_type=\"text-editor.default\">\n\t\t\t\t<div class=\"elementor-widget-container\">\n\t\t\t\t\t\t\t\t\t<p>Soy una dise\u00f1adora gr\u00e1fica graduada de la Universidad Jorge Tadeo Lozano, que va en busca de plasmar en sus trabajos el detalle y la presici\u00f3n, creando as\u00ed intr\u00edga e inter\u00e9s en los espectadores generando as\u00ed, un deseo por observar la calidad y la belleza de ser minucioso.<\/p><p>Soy creativa y vers\u00e1til, apasionada por dar vida a ideas a trav\u00e9s del dise\u00f1o. Tengo experiencia en desarrollo conceptual, identidad visual, dise\u00f1o editorial, digital e impreso, y tambi\u00e9n disfruto incorporar ilustraci\u00f3n en algunos proyectos. Busco que cada propuesta sea coherente, est\u00e9tica y funcional, logrando que el dise\u00f1o comunique con claridad y conecte de forma genuina con las personas.<\/p>\t\t\t\t\t\t\t\t<\/div>\n\t\t\t\t<\/div>\n\t\t\t\t\t<\/div>\n\t\t<\/div>\n\t\t\t\t<div class=\"elementor-column elementor-col-50 elementor-top-column elementor-element elementor-element-d3547bd\" data-id=\"d3547bd\" data-element_type=\"column\" data-e-type=\"column\">\n\t\t\t<div class=\"elementor-widget-wrap elementor-element-populated\">\n\t\t\t\t\t\t<div class=\"elementor-element elementor-element-3f7275f elementor-widget__width-initial elementor-widget elementor-widget-image\" data-id=\"3f7275f\" data-element_type=\"widget\" data-e-type=\"widget\" data-widget_type=\"image.default\">\n\t\t\t\t<div class=\"elementor-widget-container\">\n\t\t\t\t\t\t\t\t\t\t\t\t\t\t\t<img fetchpriority=\"high\" decoding=\"async\" width=\"1024\" height=\"1024\" src=\"https:\/\/laumontf.com\/wp-content\/uploads\/2025\/09\/fotix-1024x1024.png\" class=\"attachment-large size-large wp-image-1725\" alt=\"\" srcset=\"https:\/\/laumontf.com\/wp-content\/uploads\/2025\/09\/fotix-1024x1024.png 1024w, https:\/\/laumontf.com\/wp-content\/uploads\/2025\/09\/fotix-300x300.png 300w, https:\/\/laumontf.com\/wp-content\/uploads\/2025\/09\/fotix-150x150.png 150w, https:\/\/laumontf.com\/wp-content\/uploads\/2025\/09\/fotix-768x768.png 768w, https:\/\/laumontf.com\/wp-content\/uploads\/2025\/09\/fotix-1536x1536.png 1536w, https:\/\/laumontf.com\/wp-content\/uploads\/2025\/09\/fotix-2048x2048.png 2048w\" sizes=\"(max-width: 1024px) 100vw, 1024px\" \/>\t\t\t\t\t\t\t\t\t\t\t\t\t\t\t<\/div>\n\t\t\t\t<\/div>\n\t\t\t\t\t<\/div>\n\t\t<\/div>\n\t\t\t\t\t<\/div>\n\t\t<\/section>\n\t\t\t\t<section class=\"elementor-section elementor-top-section elementor-element elementor-element-0ef4c22 elementor-section-boxed elementor-section-height-default elementor-section-height-default elementor-invisible\" data-id=\"0ef4c22\" data-element_type=\"section\" data-e-type=\"section\" data-settings=\"{&quot;background_background&quot;:&quot;classic&quot;,&quot;animation&quot;:&quot;fadeIn&quot;}\">\n\t\t\t\t\t\t<div class=\"elementor-container elementor-column-gap-no\">\n\t\t\t\t\t<div class=\"elementor-column elementor-col-100 elementor-top-column elementor-element elementor-element-077bab6\" data-id=\"077bab6\" data-element_type=\"column\" data-e-type=\"column\">\n\t\t\t<div class=\"elementor-widget-wrap elementor-element-populated\">\n\t\t\t\t\t\t<div class=\"elementor-element elementor-element-cdd473c elementor-widget elementor-widget-heading\" data-id=\"cdd473c\" data-element_type=\"widget\" data-e-type=\"widget\" data-widget_type=\"heading.default\">\n\t\t\t\t<div class=\"elementor-widget-container\">\n\t\t\t\t\t<h1 class=\"elementor-heading-title elementor-size-default\"><font>Galer\u00eda personal<\/font><font><\/font><\/h1>\t\t\t\t<\/div>\n\t\t\t\t<\/div>\n\t\t\t\t<div class=\"elementor-element elementor-element-6b584ec gallery-spacing-custom elementor-widget elementor-widget-image-gallery\" data-id=\"6b584ec\" data-element_type=\"widget\" data-e-type=\"widget\" data-widget_type=\"image-gallery.default\">\n\t\t\t\t<div class=\"elementor-widget-container\">\n\t\t\t\t\t\t\t<div class=\"elementor-image-gallery\">\n\t\t\t<div id='gallery-1' class='gallery galleryid-18 gallery-columns-3 gallery-size-medium_large'><figure class='gallery-item'>\n\t\t\t<div class='gallery-icon portrait'>\n\t\t\t\t<a data-elementor-open-lightbox=\"yes\" data-elementor-lightbox-slideshow=\"6b584ec\" data-elementor-lightbox-title=\"DUALIDAD GALERIA\" data-e-action-hash=\"#elementor-action%3Aaction%3Dlightbox%26settings%3DeyJpZCI6MTAxMywidXJsIjoiaHR0cHM6XC9cL2xhdW1vbnRmLmNvbVwvd3AtY29udGVudFwvdXBsb2Fkc1wvMjAyMlwvMTFcL0RVQUxJREFELUdBTEVSSUEucG5nIiwic2xpZGVzaG93IjoiNmI1ODRlYyJ9\" href='https:\/\/laumontf.com\/wp-content\/uploads\/2022\/11\/DUALIDAD-GALERIA.png'><img decoding=\"async\" width=\"768\" height=\"1028\" src=\"https:\/\/laumontf.com\/wp-content\/uploads\/2022\/11\/DUALIDAD-GALERIA-768x1028.png\" class=\"attachment-medium_large size-medium_large\" alt=\"\" srcset=\"https:\/\/laumontf.com\/wp-content\/uploads\/2022\/11\/DUALIDAD-GALERIA-768x1028.png 768w, https:\/\/laumontf.com\/wp-content\/uploads\/2022\/11\/DUALIDAD-GALERIA-224x300.png 224w, https:\/\/laumontf.com\/wp-content\/uploads\/2022\/11\/DUALIDAD-GALERIA-765x1024.png 765w, https:\/\/laumontf.com\/wp-content\/uploads\/2022\/11\/DUALIDAD-GALERIA-1148x1536.png 1148w, https:\/\/laumontf.com\/wp-content\/uploads\/2022\/11\/DUALIDAD-GALERIA-1530x2048.png 1530w, https:\/\/laumontf.com\/wp-content\/uploads\/2022\/11\/DUALIDAD-GALERIA.png 1913w\" sizes=\"(max-width: 768px) 100vw, 768px\" \/><\/a>\n\t\t\t<\/div><\/figure><figure class='gallery-item'>\n\t\t\t<div class='gallery-icon portrait'>\n\t\t\t\t<a data-elementor-open-lightbox=\"yes\" data-elementor-lightbox-slideshow=\"6b584ec\" data-elementor-lightbox-title=\"ESQUELETO GALERIA\" data-e-action-hash=\"#elementor-action%3Aaction%3Dlightbox%26settings%3DeyJpZCI6MTAxNCwidXJsIjoiaHR0cHM6XC9cL2xhdW1vbnRmLmNvbVwvd3AtY29udGVudFwvdXBsb2Fkc1wvMjAyMlwvMTFcL0VTUVVFTEVUTy1HQUxFUklBLnBuZyIsInNsaWRlc2hvdyI6IjZiNTg0ZWMifQ%3D%3D\" href='https:\/\/laumontf.com\/wp-content\/uploads\/2022\/11\/ESQUELETO-GALERIA.png'><img decoding=\"async\" width=\"768\" height=\"1028\" src=\"https:\/\/laumontf.com\/wp-content\/uploads\/2022\/11\/ESQUELETO-GALERIA-768x1028.png\" class=\"attachment-medium_large size-medium_large\" alt=\"\" srcset=\"https:\/\/laumontf.com\/wp-content\/uploads\/2022\/11\/ESQUELETO-GALERIA-768x1028.png 768w, https:\/\/laumontf.com\/wp-content\/uploads\/2022\/11\/ESQUELETO-GALERIA-224x300.png 224w, https:\/\/laumontf.com\/wp-content\/uploads\/2022\/11\/ESQUELETO-GALERIA-765x1024.png 765w, https:\/\/laumontf.com\/wp-content\/uploads\/2022\/11\/ESQUELETO-GALERIA-1148x1536.png 1148w, https:\/\/laumontf.com\/wp-content\/uploads\/2022\/11\/ESQUELETO-GALERIA-1530x2048.png 1530w, https:\/\/laumontf.com\/wp-content\/uploads\/2022\/11\/ESQUELETO-GALERIA.png 1913w\" sizes=\"(max-width: 768px) 100vw, 768px\" \/><\/a>\n\t\t\t<\/div><\/figure><figure class='gallery-item'>\n\t\t\t<div class='gallery-icon portrait'>\n\t\t\t\t<a data-elementor-open-lightbox=\"yes\" data-elementor-lightbox-slideshow=\"6b584ec\" data-elementor-lightbox-title=\"ILU GALERIA\" data-e-action-hash=\"#elementor-action%3Aaction%3Dlightbox%26settings%3DeyJpZCI6MTAxNiwidXJsIjoiaHR0cHM6XC9cL2xhdW1vbnRmLmNvbVwvd3AtY29udGVudFwvdXBsb2Fkc1wvMjAyMlwvMTFcL0lMVS1HQUxFUklBLnBuZyIsInNsaWRlc2hvdyI6IjZiNTg0ZWMifQ%3D%3D\" href='https:\/\/laumontf.com\/wp-content\/uploads\/2022\/11\/ILU-GALERIA.png'><img loading=\"lazy\" decoding=\"async\" width=\"768\" height=\"1028\" src=\"https:\/\/laumontf.com\/wp-content\/uploads\/2022\/11\/ILU-GALERIA-768x1028.png\" class=\"attachment-medium_large size-medium_large\" alt=\"\" srcset=\"https:\/\/laumontf.com\/wp-content\/uploads\/2022\/11\/ILU-GALERIA-768x1028.png 768w, https:\/\/laumontf.com\/wp-content\/uploads\/2022\/11\/ILU-GALERIA-224x300.png 224w, https:\/\/laumontf.com\/wp-content\/uploads\/2022\/11\/ILU-GALERIA-765x1024.png 765w, https:\/\/laumontf.com\/wp-content\/uploads\/2022\/11\/ILU-GALERIA-1148x1536.png 1148w, https:\/\/laumontf.com\/wp-content\/uploads\/2022\/11\/ILU-GALERIA-1530x2048.png 1530w, https:\/\/laumontf.com\/wp-content\/uploads\/2022\/11\/ILU-GALERIA.png 1913w\" sizes=\"(max-width: 768px) 100vw, 768px\" \/><\/a>\n\t\t\t<\/div><\/figure><figure class='gallery-item'>\n\t\t\t<div class='gallery-icon portrait'>\n\t\t\t\t<a data-elementor-open-lightbox=\"yes\" data-elementor-lightbox-slideshow=\"6b584ec\" data-elementor-lightbox-title=\"PERRO GALERIA\" data-e-action-hash=\"#elementor-action%3Aaction%3Dlightbox%26settings%3DeyJpZCI6MTAxNywidXJsIjoiaHR0cHM6XC9cL2xhdW1vbnRmLmNvbVwvd3AtY29udGVudFwvdXBsb2Fkc1wvMjAyMlwvMTFcL1BFUlJPLUdBTEVSSUEucG5nIiwic2xpZGVzaG93IjoiNmI1ODRlYyJ9\" href='https:\/\/laumontf.com\/wp-content\/uploads\/2022\/11\/PERRO-GALERIA.png'><img loading=\"lazy\" decoding=\"async\" width=\"768\" height=\"1028\" src=\"https:\/\/laumontf.com\/wp-content\/uploads\/2022\/11\/PERRO-GALERIA-768x1028.png\" class=\"attachment-medium_large size-medium_large\" alt=\"\" srcset=\"https:\/\/laumontf.com\/wp-content\/uploads\/2022\/11\/PERRO-GALERIA-768x1028.png 768w, https:\/\/laumontf.com\/wp-content\/uploads\/2022\/11\/PERRO-GALERIA-224x300.png 224w, https:\/\/laumontf.com\/wp-content\/uploads\/2022\/11\/PERRO-GALERIA-765x1024.png 765w, https:\/\/laumontf.com\/wp-content\/uploads\/2022\/11\/PERRO-GALERIA-1148x1536.png 1148w, https:\/\/laumontf.com\/wp-content\/uploads\/2022\/11\/PERRO-GALERIA-1530x2048.png 1530w, https:\/\/laumontf.com\/wp-content\/uploads\/2022\/11\/PERRO-GALERIA.png 1913w\" sizes=\"(max-width: 768px) 100vw, 768px\" \/><\/a>\n\t\t\t<\/div><\/figure><figure class='gallery-item'>\n\t\t\t<div class='gallery-icon portrait'>\n\t\t\t\t<a data-elementor-open-lightbox=\"yes\" data-elementor-lightbox-slideshow=\"6b584ec\" data-elementor-lightbox-title=\"GATO PNG\" data-e-action-hash=\"#elementor-action%3Aaction%3Dlightbox%26settings%3DeyJpZCI6MTAxNSwidXJsIjoiaHR0cHM6XC9cL2xhdW1vbnRmLmNvbVwvd3AtY29udGVudFwvdXBsb2Fkc1wvMjAyMlwvMTFcL0dBVE8tUE5HLnBuZyIsInNsaWRlc2hvdyI6IjZiNTg0ZWMifQ%3D%3D\" href='https:\/\/laumontf.com\/wp-content\/uploads\/2022\/11\/GATO-PNG.png'><img loading=\"lazy\" decoding=\"async\" width=\"768\" height=\"1028\" src=\"https:\/\/laumontf.com\/wp-content\/uploads\/2022\/11\/GATO-PNG-768x1028.png\" class=\"attachment-medium_large size-medium_large\" alt=\"\" srcset=\"https:\/\/laumontf.com\/wp-content\/uploads\/2022\/11\/GATO-PNG-768x1028.png 768w, https:\/\/laumontf.com\/wp-content\/uploads\/2022\/11\/GATO-PNG-224x300.png 224w, https:\/\/laumontf.com\/wp-content\/uploads\/2022\/11\/GATO-PNG-765x1024.png 765w, https:\/\/laumontf.com\/wp-content\/uploads\/2022\/11\/GATO-PNG-1148x1536.png 1148w, https:\/\/laumontf.com\/wp-content\/uploads\/2022\/11\/GATO-PNG-1530x2048.png 1530w, https:\/\/laumontf.com\/wp-content\/uploads\/2022\/11\/GATO-PNG.png 1913w\" sizes=\"(max-width: 768px) 100vw, 768px\" \/><\/a>\n\t\t\t<\/div><\/figure><figure class='gallery-item'>\n\t\t\t<div class='gallery-icon portrait'>\n\t\t\t\t<a data-elementor-open-lightbox=\"yes\" data-elementor-lightbox-slideshow=\"6b584ec\" data-elementor-lightbox-title=\"CABALLO GALERIA\" data-e-action-hash=\"#elementor-action%3Aaction%3Dlightbox%26settings%3DeyJpZCI6MTAxOCwidXJsIjoiaHR0cHM6XC9cL2xhdW1vbnRmLmNvbVwvd3AtY29udGVudFwvdXBsb2Fkc1wvMjAyMlwvMTFcL0NBQkFMTE8tR0FMRVJJQS5wbmciLCJzbGlkZXNob3ciOiI2YjU4NGVjIn0%3D\" href='https:\/\/laumontf.com\/wp-content\/uploads\/2022\/11\/CABALLO-GALERIA.png'><img loading=\"lazy\" decoding=\"async\" width=\"768\" height=\"1028\" src=\"https:\/\/laumontf.com\/wp-content\/uploads\/2022\/11\/CABALLO-GALERIA-768x1028.png\" class=\"attachment-medium_large size-medium_large\" alt=\"\" srcset=\"https:\/\/laumontf.com\/wp-content\/uploads\/2022\/11\/CABALLO-GALERIA-768x1028.png 768w, https:\/\/laumontf.com\/wp-content\/uploads\/2022\/11\/CABALLO-GALERIA-224x300.png 224w, https:\/\/laumontf.com\/wp-content\/uploads\/2022\/11\/CABALLO-GALERIA-765x1024.png 765w, https:\/\/laumontf.com\/wp-content\/uploads\/2022\/11\/CABALLO-GALERIA-1148x1536.png 1148w, https:\/\/laumontf.com\/wp-content\/uploads\/2022\/11\/CABALLO-GALERIA-1530x2048.png 1530w, https:\/\/laumontf.com\/wp-content\/uploads\/2022\/11\/CABALLO-GALERIA.png 1913w\" sizes=\"(max-width: 768px) 100vw, 768px\" \/><\/a>\n\t\t\t<\/div><\/figure>\n\t\t<\/div>\n\t\t<\/div>\n\t\t\t\t\t\t<\/div>\n\t\t\t\t<\/div>\n\t\t\t\t\t<\/div>\n\t\t<\/div>\n\t\t\t\t\t<\/div>\n\t\t<\/section>\n\t\t\t\t<section class=\"elementor-section elementor-top-section elementor-element elementor-element-6529067 elementor-section-boxed elementor-section-height-default elementor-section-height-default\" data-id=\"6529067\" data-element_type=\"section\" data-e-type=\"section\">\n\t\t\t\t\t\t<div class=\"elementor-container elementor-column-gap-default\">\n\t\t\t\t\t<div class=\"elementor-column elementor-col-100 elementor-top-column elementor-element elementor-element-c34f624\" data-id=\"c34f624\" data-element_type=\"column\" data-e-type=\"column\">\n\t\t\t<div class=\"elementor-widget-wrap\">\n\t\t\t\t\t\t\t<\/div>\n\t\t<\/div>\n\t\t\t\t\t<\/div>\n\t\t<\/section>\n\t\t\t\t<\/div>\n\t\t","protected":false},"excerpt":{"rendered":"<p>Hacer las cosas con amor y dedicaci\u00f3n PORTAFOLIO Aqu\u00ed encontrar\u00e1s muchos proyectos desarrollados a lo largo de mi carrera y vida profesional, m\u00e1s dirigidos al enfoque editorial, ilustrativo, promocional y contenido digital. Laura Monta\u00f1a Soy una dise\u00f1adora gr\u00e1fica graduada de la Universidad Jorge Tadeo Lozano, que va en busca de plasmar en sus trabajos el [&hellip;]<\/p>\n","protected":false},"author":1,"featured_media":0,"parent":0,"menu_order":0,"comment_status":"closed","ping_status":"closed","template":"","meta":{"om_disable_all_campaigns":false,"_monsterinsights_skip_tracking":false,"_monsterinsights_sitenote_active":false,"_monsterinsights_sitenote_note":"","_monsterinsights_sitenote_category":0,"site-sidebar-layout":"no-sidebar","site-content-layout":"page-builder","ast-site-content-layout":"default","site-content-style":"default","site-sidebar-style":"default","ast-global-header-display":"","ast-banner-title-visibility":"","ast-main-header-display":"","ast-hfb-above-header-display":"","ast-hfb-below-header-display":"","ast-hfb-mobile-header-display":"","site-post-title":"disabled","ast-breadcrumbs-content":"","ast-featured-img":"disabled","footer-sml-layout":"","ast-disable-related-posts":"","theme-transparent-header-meta":"enabled","adv-header-id-meta":"","stick-header-meta":"","header-above-stick-meta":"","header-main-stick-meta":"","header-below-stick-meta":"","astra-migrate-meta-layouts":"default","ast-page-background-enabled":"default","ast-page-background-meta":{"desktop":{"background-color":"","background-image":"","background-repeat":"repeat","background-position":"center center","background-size":"auto","background-attachment":"scroll","background-type":"","background-media":"","overlay-type":"","overlay-color":"","overlay-opacity":"","overlay-gradient":""},"tablet":{"background-color":"","background-image":"","background-repeat":"repeat","background-position":"center center","background-size":"auto","background-attachment":"scroll","background-type":"","background-media":"","overlay-type":"","overlay-color":"","overlay-opacity":"","overlay-gradient":""},"mobile":{"background-color":"","background-image":"","background-repeat":"repeat","background-position":"center center","background-size":"auto","background-attachment":"scroll","background-type":"","background-media":"","overlay-type":"","overlay-color":"","overlay-opacity":"","overlay-gradient":""}},"ast-content-background-meta":{"desktop":{"background-color":"var(--ast-global-color-5)","background-image":"","background-repeat":"repeat","background-position":"center center","background-size":"auto","background-attachment":"scroll","background-type":"","background-media":"","overlay-type":"","overlay-color":"","overlay-opacity":"","overlay-gradient":""},"tablet":{"background-color":"var(--ast-global-color-5)","background-image":"","background-repeat":"repeat","background-position":"center center","background-size":"auto","background-attachment":"scroll","background-type":"","background-media":"","overlay-type":"","overlay-color":"","overlay-opacity":"","overlay-gradient":""},"mobile":{"background-color":"var(--ast-global-color-5)","background-image":"","background-repeat":"repeat","background-position":"center center","background-size":"auto","background-attachment":"scroll","background-type":"","background-media":"","overlay-type":"","overlay-color":"","overlay-opacity":"","overlay-gradient":""}},"footnotes":""},"class_list":["post-18","page","type-page","status-publish","hentry"],"aioseo_notices":[],"_links":{"self":[{"href":"https:\/\/laumontf.com\/index.php?rest_route=\/wp\/v2\/pages\/18","targetHints":{"allow":["GET"]}}],"collection":[{"href":"https:\/\/laumontf.com\/index.php?rest_route=\/wp\/v2\/pages"}],"about":[{"href":"https:\/\/laumontf.com\/index.php?rest_route=\/wp\/v2\/types\/page"}],"author":[{"embeddable":true,"href":"https:\/\/laumontf.com\/index.php?rest_route=\/wp\/v2\/users\/1"}],"replies":[{"embeddable":true,"href":"https:\/\/laumontf.com\/index.php?rest_route=%2Fwp%2Fv2%2Fcomments&post=18"}],"version-history":[{"count":128,"href":"https:\/\/laumontf.com\/index.php?rest_route=\/wp\/v2\/pages\/18\/revisions"}],"predecessor-version":[{"id":2017,"href":"https:\/\/laumontf.com\/index.php?rest_route=\/wp\/v2\/pages\/18\/revisions\/2017"}],"wp:attachment":[{"href":"https:\/\/laumontf.com\/index.php?rest_route=%2Fwp%2Fv2%2Fmedia&parent=18"}],"curies":[{"name":"wp","href":"https:\/\/api.w.org\/{rel}","templated":true}]}}